9
Let s = 64 + -10. Let q(n) = 81*n**2 - n - 1. Let p be q(-1). Calculate the greatest common factor of s and p.
27
Let n be (-7)/2*(-120)/70. What is the greatest common factor of n and 6?
6
Suppose -57 - 27 = -4*l. Calculate the highest common factor of 63 and l.
21
Let n(f) = 12*f + 16. Let m be n(-1). Let u be 2/1*1/2. Calculate the greatest common factor of u and m.
1
Suppose 0 = -2*f - 3*f + 65. Suppose -2*c - m + f = 0, -c = -3*m + m - 14. Calculate the greatest common factor of c and 48.
8
Let v be 4/18 + (-43)/(-9). Let a(u) = -u**3 + 5*u**2 - 6*u - 1. Let i be a(v). Let c = i - -45. What is the highest common divisor of 154 and c?
14
Let t(i) = 8*i**2 + 31*i. Let m be t(-6). Calculate the greatest common divisor of m and 6.
6
Suppose -5*u + 3*u = -2. Let m = 1 + u. Suppose z + 26 = m*w, 4*w - 7 = 3*w - z. Calculate the highest common factor of 1 and w.
1
Suppose 3*u - 33 = -5*v + 24, u - v = 11. Calculate the greatest common factor of 14 and u.
14
Suppose -2*n - n + 33 = 0. Let d be (-2 - 1)/3*-121. What is the highest common divisor of n and d?
11
Let f = 8 + -3. Let b be 0 + 135 + 1 + -1. Suppose b + 5 = f*j. What is the highest common factor of 14 and j?
14
Let y = 46 + -34. What is the greatest common factor of 12 and y?
12
Let k = 86 + -64. Calculate the greatest common factor of 11 and k.
11
Let p be (-2)/4*(7 + -17). Suppose 0 = 2*f - f - 114. Suppose p*i + f = 314. What is the greatest common factor of i and 8?
8
Let h be ((-30)/(-21))/(6/84). What is the greatest common divisor of h and 90?
10
Suppose -1 + 249 = 4*u. What is the greatest common factor of u and 155?
31
Let x = -8 - -10. Suppose 4*z = 4*l + 44, 22 = x*z - l - 4. Calculate the greatest common factor of z and 165.
15
Suppose -13 + 58 = u. Let c be 28 - (-1)/2*4. Calculate the highest common divisor of c and u.
15
Let o(r) = -r + 3. Let v be o(7). Suppose 2*h + 360 = 6*h. Let g be 0 - 2/(v/h). What is the greatest common divisor of 30 and g?
15
Let q = -107 + 164. Let g = q - 13. Calculate the greatest common factor of g and 11.
11
Let u = -67 + 177. Let q be (1 - 4)*10/(-3). Calculate the greatest common divisor of u and q.
10
Let l = 776 - 765. Suppose -2*v + 3 = 1. Let p be (v/2)/(2/4). Calculate the highest common divisor of p and l.
1
Suppose 6*p - p = -155. Let m = -16 - p. Let k = m - 7. What is the greatest common divisor of k and 8?
8
Suppose -3*q = -b - 7, 2*q = -q + 5*b - 1. Suppose q*s = -s. Let t be s + 2 - (0 - 7). Calculate the greatest common factor of 9 and t.
9
Let g(y) = 2*y - 4. Let s be g(8). What is the greatest common divisor of 36 and s?
12
Let h(j) = -2*j + 33. Let f be h(11). Suppose 0 = p - 5*p + 44. Calculate the highest common divisor of p and f.
11
Suppose -7*a = -a - 336. Calculate the greatest common factor of 8 and a.
8
Let n be (8/(-10))/(1*(-3)/390). Calculate the highest common divisor of n and 13.
13
Let j = 229 - 224. Suppose -3*x + 19 = 5*h, -2*h - 3*x = 2*x. What is the greatest common factor of h and j?
5
Let u = 43 + -31. Let p = -3 - -5. Suppose -2*g + 96 = 2*m, -3*m = p*g - 5*g + 144. What is the greatest common divisor of u and g?
12
Let j = 7 + -3. Suppose 5*i = -2*c - 3*c + 220, -j*c - 200 = -4*i. Let s = 53 + i. Calculate the greatest common factor of s and 20.
20
Let h(b) = 11*b + 8. Let q(n) = n**3 - 12*n**2 + 13*n - 15. Let l be q(11). Let o be h(l). Calculate the highest common factor of o and 34.
17
Let u be 16/3*13 + 3/(-9). Calculate the greatest common factor of 46 and u.
23
Let j(i) = -5*i**2 - i + 2. Let m(w) = -11*w**2 - 2*w + 5. Let z(s) = 13*j(s) - 6*m(s). Let g be z(4). What is the highest common divisor of g and 56?
8
Let r(o) = 2*o**2 + 3*o**3 - 1 + 0 + 2*o - 4*o**2. Let v be r(1). Suppose -4*u + 12 = -u, 56 = v*n + 4*u. What is the highest common divisor of n and 10?
10
Suppose -7 = -b + 26. Suppose -2*k - k + b = 0. Suppose 0 = -2*s + 3*s - 110. What is the highest common divisor of s and k?
11
Suppose -32 = 6*p - 164. Let x(s) = s**2 - 8*s + 2. Let w be x(9). Calculate the highest common divisor of p and w.
11
Let a = 260 - 211. What is the highest common factor of 7 and a?
7
Let v be 2/(-4)*-3*-48. Let d = v + 108. Let m = d + -23. Calculate the greatest common divisor of 143 and m.
13
Let d be (-3 + 1)*(-24)/16*6. Calculate the highest common factor of 18 and d.
18
Let c(z) = -2*z + 12. Let w be c(5). Let i be 62/4 + (-2)/(-4). What is the greatest common factor of i and w?
2
Let v(x) = x**2 - 1. Let c(j) = j**3 - j**2 + 98. Let h(u) = c(u) + 2*v(u). Let w be h(0). What is the greatest common divisor of 12 and w?
12
Suppose -3*v - 49 = -13. Let n be 8/(-52) - 602/(-26). Let f = n + v. Calculate the greatest common factor of f and 1.
1
Suppose -5*w + 136 = 36. Suppose -z - w + 132 = 0. Calculate the greatest common divisor of z and 14.
14
Let f(g) = -3*g - 20. Let c be f(-12). Calculate the greatest common factor of 80 and c.
16
Suppose 0 = -4*d - 0 - 12. Suppose -q = -o, -5*o - 28 = -7*o - 5*q. Let z = o - d. Calculate the highest common factor of z and 56.
7
Suppose 50 = 3*z + b, -4*z + 5 + 59 = 4*b. Let t be 36 - (4 - 2/1). What is the highest common divisor of t and z?
17
Let n = -64 - -124. Calculate the greatest common divisor of 150 and n.
30
Let f(x) = x**3 + 6*x**2 + 7*x + 7. Let z be f(-3). Calculate the highest common divisor of z and 52.
13
Let a = -13 - -30. Suppose -q + 5*l = -87, -4*q + 3*l + 428 = -l. Let b = -27 + q. What is the highest common divisor of b and a?
17
Let q(d) = -d - 2. Let n be q(-7). Let a(l) = l**2 - 5*l + 6. Let b be a(n). Let y be 0 - 1 - 13/(-1). What is the greatest common factor of y and b?
6
Let y be (-1 - 3) + (1 - 1). Suppose -3*o - 1 - 14 = 0, -3*x + 5 = 5*o. Let q be (x/y)/((-2)/4). Calculate the greatest common divisor of 15 and q.
5
Let f be (-10)/(-4) + (-2)/(-4). Suppose -2*q = -f - 1. What is the highest common factor of 5 and q?
1
Let k be (1 - -1)/((-10)/(-60)). What is the greatest common factor of k and 12?
12
Let h = 13 + -5. Let x(t) = t**3 - 7*t**2 + 6*t. Let p be x(4). Let u be (-6)/33 - p/11. What is the greatest common divisor of u and h?
2
Let z be (2/2)/((-3)/(-21)). Let l(i) = i**2 - i + 1. Let u be l(2). Suppose -u*c - 25 = -5*j - 130, 0 = -4*j. Calculate the greatest common factor of c and z.
7
Let j be -2*(2 - 0 - 3). Suppose 0 = -7*k + j*k - 400. Let y be 2/(-13) + k/(-13). Calculate the highest common divisor of 3 and y.
3
Suppose 0*o = 4*o - 12. Suppose 0 = w + o*w - 36. What is the greatest common divisor of w and 81?
9
Suppose 0 = -5*m - 0*m. Suppose 5*n + 11 - 36 = m. Suppose -4*o + 12 = -h + 1, 0 = n*o - 25. What is the highest common divisor of h and 27?
9
Let v(x) = 25*x**2 - 2*x + 1. Let q be v(1). Calculate the greatest common divisor of 16 and q.
8
Suppose -c + 3*m - 43 = 2, -43 = c - m. Let l = -29 - c. Suppose 72 = z - 3*q, 155 + l = 3*z + 3*q. What is the greatest common divisor of z and 24?
12
Suppose -2*r - r = -9. Let l = 57 - r. What is the greatest common divisor of l and 6?
6
Let y = -9 + 15. Let p be y/(1*(2 + -1)). Let m = p + 1. Calculate the highest common divisor of 28 and m.
7
Let r(i) = -i - 1. Let k be r(-3). Suppose 5*q = -a + 17, 2*a = -4*q + k*q + 10. Suppose 5*m - 76 = 34. Calculate the greatest common divisor of m and a.
2
Let w be 3/2*(2 + 2). Let y(x) = -1 + x**2 + 4 + 7*x - 3*x. Let d be y(-4). What is the greatest common factor of w and d?
3
Suppose 302 = 5*t - 293. Let q be (1 + 2)*(-17)/(-3). What is the highest common factor of q and t?
17
Suppose 2*f + 45 = 5*f. Let m(j) = -j**2 + j - 4. Let b be m(0). Let s(o) = o**2 + 3*o + 6. Let i be s(b). Calculate the highest common divisor of f and i.
5
Let p(r) = -60*r + 24. Let w be p(-8). Calculate the greatest common divisor of w and 56.
56
Let z be 16/56 + 2606/(-7). Let l be 4/(-6) + z/(-18). Calculate the highest common divisor of l and 20.
20
Let z be -7*(12/7 + -2). What is the highest common divisor of 18 and z?
2
Suppose 0*h + h + 5*q = 37, 0 = 2*h + 2*q - 34. Suppose 5*t + b = 122, 3*t - 2*b = 50 + 18. What is the greatest common divisor of h and t?
12
Let f(t) = -3*t**2 - 28*t + 11. Let g be f(-9). Calculate the highest common factor of g and 140.
20
Suppose -13*p = -8*p - 30. Let r(u) = -u**3 + 5*u**2 - 2*u - 5. Let d be r(4). Calc